 -7*s**3/3 + 12*s**2 - 11*s. List the prime factors of q(-6).
2, 3
Let q(j) be the second derivative of -j**3/6 - 7*j**2/2 - 9*j. Let l be q(-12). Suppose l*h - 252 = h. What are the prime factors of h?
3, 7
Let d = -69305 - -134420. What are the prime factors of d?
3, 5, 1447
Suppose -11*z = -6*z + 2*c - 37899, 3*c = -z + 7585. List the prime factors of z.
11, 13, 53
Let y(s) be the second derivative of -s**3/2 + 2*s**2 + 15*s. Suppose x = -4*k + 9, 0 = 4*x - 0*x - 5*k + 48. What are the prime factors of y(x)?
5
Let u = -22 + 35. Let z(o) = 3*o**2 + 75*o - 9. Let q be z(-25). Let i = q + u. List the prime factors of i.
2
Let u be (2 + 28/(-5))*(-70)/(-21). Let i(f) = -27*f - 131. List the prime factors of i(u).
193
Let a(q) = q + 115. Let m be a(0). Suppose -613 = 7*v + m. Let h = -52 - v. List the prime factors of h.
2, 13
Suppose 20*x + 88410 = 34*x. List the prime factors of x.
3, 5, 421
Suppose 3*y - 2*t + 5 = -4, 3*y = 5*t. List the prime factors of 104 - (y + -5 - -6).
2, 3
Let z(n) = 2*n - 17. Let l be z(10). Suppose 47 = l*y + 20. Suppose 210 = -4*x + y*x. What are the prime factors of x?
2, 3, 7
Suppose -4062 = -2*k + 5*z - 1505, -3*z - 3 = 0. List the prime factors of k.
2, 11, 29
Let w(c) = c**3 - 8*c**2 + 5. Let i be w(8). Suppose 13*u + 17*u = 9*u. Suppose 3*m + i - 182 = u. What are the prime factors of m?
59
Let a(t) = 188*t**2 + 2*t + 15. List the prime factors of a(4).
7, 433
Let h(p) = -395*p + 36956. List the prime factors of h(0).
2, 9239
Let c(h) = 581*h**2 - 230*h + 32. What are the prime factors of c(-8)?
2, 2441
Suppose -32*z + 41*z = 16254. Suppose -5*q + 5855 = -3*t + 1358, -3*t - z = -2*q. List the prime factors of q.
3, 13, 23
Let g(t) = t + 15. Let i be g(-12). Let j be i/(-6)*4 - 34. Let v = j + 48. What are the prime factors of v?
2, 3
Let c = -82 - -61. List the prime factors of 9 + (-3556)/c + 2/3.
179
Suppose -3*b - 2*n + 6 = -2*b, -4*b = 2*n - 12. Let a = b - 3. What are the prime factors of 50 + 4 - (a + 2)?
53
Suppose 2*l + 792 = 13094. Suppose 0 = -5*t + 3*c + 2400 + l, -3*t + 2*c = -5130. What are the prime factors of t?
2, 107
Suppose -p - 11 = -2*x, 5*x - 12 = p + 14. Suppose -x*k = -356 - 74. Suppose -283 - k = -3*j. What are the prime factors of j?
3, 41
Suppose 0 = 159*k - 5684254 - 373487. List the prime factors of k.
31, 1229
Let i(t) = -13*t**3 + t**2 - 9*t - 6. Let k be i(3). Let j = k + 698. List the prime factors of j.
17, 19
Let g(a) = a**3 - 13*a**2 - a - 7. Let f be g(13). Let x be 14/21 + 22/(-6). List the prime factors of 83 - (x - 2)*(-8)/f.
5, 17
Let m be -3*2/(-12)*(-52)/(-13). Suppose 0 = -m*p + 279 + 241. List the prime factors of p.
2, 5, 13
Suppose 5*b - 3*l + 6*l = 28397, 5*l + 22688 = 4*b. What are the prime factors of b?
7, 811
Suppose 0 = -0*w - 8*w + 72. What are the prime factors of 1/w*12*(-1626)/(-4)?
2, 271
Suppose 7*w - 8*w = -3. Suppose w*x - 1428 - 42 = -3*d, 0 = 4*x. What are the prime factors of d?
2, 5, 7
Let f = -2832 - -6256. List the prime factors of f.
2, 107
Suppose 13806 = 2*m + 3*o, 1546*m = 1541*m - o + 34528. What are the prime factors of m?
2, 3, 1151
Suppose -p = -4*s - 28474 - 27379, -4*s = 2*p - 111730. List the prime factors of p.
13, 4297
Let h = -15 - -14. Let k(f) = -2*f**2 + 37*f + 69. Let x be k(20). What are the prime factors of (h + x + -2)*(-354)/(-9)?
2, 59
Let n(j) be the second derivative of 7*j**4/12 + 7*j**3/3 + 5*j**2/2 - 2*j. Let v = -1608 - -1602. List the prime factors of n(v).
173
Let w(f) = 7*f**2 - 140*f - 1908. List the prime factors of w(-19).
3, 1093
Let l(k) = k + 5. Let g be l(5). Suppose g*t + 36 = 856. Suppose 4*d - t + 6 = 0. What are the prime factors of d?
19
Let w(o) = 95*o**3 + 44*o**2 + 6*o - 65. What are the prime factors of w(7)?
2, 17359
Let b(n) be the third derivative of 0 - 29/12*n**4 - 23/6*n**3 + 0*n - 36*n**2. What are the prime factors of b(-3)?
151
Suppose 0 = -31*c + 27*c + 8. Let z be (-8 + -93)*(-6)/c. Suppose -5*y - 23 + z = 0. List the prime factors of y.
2, 7
List the prime factors of 3679245/120 - (6 - 1) - (-6)/(-16).
5, 6131
Suppose 30062 - 50583 = -7*m + 73650. What are the prime factors of m?
11, 1223
Let y be (887/(-2))/((-3)/12). Let g = y - 860. Suppose 22 - g = -4*i. What are the prime factors of i?
223
Suppose -4*n = -4*r - 24, r = -4*n + 3 + 1. Let d(h) = -148*h - 255. What are the prime factors of d(r)?
337
Suppose 3*z - 5*s = 276, -z + 4*z - 2*s = 285. Suppose z = -3*n + 2041. List the prime factors of n.
2, 3
Suppose 37*p - 6496479 = -274*p. What are the prime factors of p?
3, 11, 211
Let z(s) = 22*s + 65. Let j = 170 + -165. List the prime factors of z(j).
5, 7
Suppose -4*r = -16, -2*z + 5*r + 31414 + 7048 = 0. What are the prime factors of z?
71, 271
Let q(c) = 16449*c**2 + 388*c + 777. List the prime factors of q(-2).
19, 3463
Let l = -138 - -58. Let p = l + 144. Let z = -50 + p. What are the prime factors of z?
2, 7
Let p = 112 - 110. Suppose 0 = -3*f - 2*b + 361, -p*f + 7*b = 4*b - 258. What are the prime factors of f?
3, 41
Let c(s) = 99*s**2 + 296*s - 13. List the prime factors of c(-14).
79, 193
Let v(w) = -3*w**2 + 28*w + 2*w**2 - 6 - 20. Suppose -2*j = -4*k + 90, 2*k + 4*j = -k + 95. List the prime factors of v(k).
7
Let k be 3/4 - -3*5/60. Let b be (-572)/(-18) - k*(-2)/9. List the prime factors of (-2 + (-6)/4)*b/(-56).
2
Suppose -f - 71 = -3*r - 3*f, 155 = 5*r - 4*f. Let n be (-28)/21*r/(-12). Suppose -2*x + 128 = 2*p + n*p, -p + 28 = x. List the prime factors of p.
2, 3
Let k(y) = -10*y**3 + 3*y**2 + 3*y. What are the prime factors of k(-2)?
2, 43
Suppose -2*v = -4*t + 35808, 4*t + 7887 = -5*v + 43681. List the prime factors of t.
8951
Suppose -5*l + 6542 + 7408 = 5*m, 4*l = -3*m + 11165. What are the prime factors of l?
5, 13, 43
Suppose 3*z - 5*o + 19830 = 6*z, -z + 6630 = -5*o. Suppose 0 = 5*a - g - z, 0 = 4*g - 23 + 3. List the prime factors of a.
2, 331
Suppose 15 = 5*r, 0 = -4*v + 2*r + 98211 + 62015. What are the prime factors of v?
2, 20029
Suppose 0 = 16*p - 11*p - 30. Suppose -p*v + 1373 + 4807 = 0. List the prime factors of -1*3*v/(-30).
103
Let u(s) = 366*s + 46. Let c be u(2). Suppose -c = -3*b + 1019. List the prime factors of b.
599
Let i(p) = 78*p - 1. Let t be i(5). Suppose 2*v - 3*r = 2*r + 505, 0 = -5*v + 3*r + 1253. Let h = t - v. List the prime factors of h.
139
Let x = 288 + -204. Let p = 113 - x. Let k = p + 176. What are the prime factors of k?
5, 41
Let t = 21118 - 9077. What are the prime factors of t?
12041
Suppose 6*k - h = 45191, -3*k - h + 22592 = -5*h. What are the prime factors of k?
2, 7, 269
Suppose -3*z - 9*z + 2964 = 0. Suppose -i - 2*h + z = h, 5*h = 4*i - 1073. What are the prime factors of 8/(-24) - i/(-3)?
3, 29
Suppose 0 = 67*g - 64*g + 1242. Let c = g - -628. Let s = c - 126. List the prime factors of s.
2, 11
Let o(s) = 49*s**2 + 5*s - 3. Let y(p) = 50*p**2 + 8*p - 4. Let h(l) = 3*o(l) - 2*y(l). Let u(i) = i + 6. Let n be u(-7). List the prime factors of h(n).
47
Let r(k) = 18*k + 2. Let j be r(-1). Let y be (-4)/j - 45/(-12). List the prime factors of (-1 + y/6)/((-2)/804).
2, 67
Let t be 98 - (-4 + (-12)/(-2)). Let a = -79 + t. Let z = 13 + a. List the prime factors of z.
2, 3, 5
Let m(u) = -2 - 5*u**2 - 52*u + 58*u + 4*u**2. Let a(l) = 2*l**2 - 11*l + 3. Let w(k) = 2*a(k) + 5*m(k). List the prime factors of w(6).
2
Suppose 0 = -m - 0 + 5. Suppose h + 25 = m*v + 4*h, 4*h = 2*v + 16. Suppose g - 362 = -5*w, -v*w + 6*g + 134 = g. What are the prime factors of w?
2, 3
Suppose -3*b = -3*k - 12, 0*b + 5*b = -k - 4. Let p(o) = 108*o**2 - 3*o - 19. What are the prime factors of p(k)?
1721
Suppose 18 = 5*k - 3*k. Suppose -2*m + 5*t = -16, 4*m - k = -2*t - 1. What are the prime factors of (-1 - 0) + (38 - m)?
2, 17
Suppose 6*f - 45890 = 21*f - 327680. What are the prime factors of f?
2, 3, 31, 101
List the prime factors of 204/272*71944/6.
17, 23
Let b(i) = 46048*i**3 + 41*i**2 - 41*i - 1. List the prime factors of b(1).
3, 15349
Suppose -167 = 2*s + 5*m, 4*s - 5*m + 2*m + 269 = 0. Let l = 75 + s. Suppose r = 0, f + 2*f + l*r - 174 = 0. What are the prime factors of f?
2, 29
Suppose 231*w = 235*w - v - 98719, 2*w + 3*v = 49349. What are the prime factors of w?
23, 29, 37
Let d(x) = 1956*x**2 + 207*x + 1014. What are the prime factors of